e number?
False
Is 3997375163 composite?
False
Is 69293527 a prime number?
True
Is 7264255701 composite?
True
Is 314472979 a prime number?
True
Is 405741209 a prime number?
True
Is 2044312799 a prime number?
False
Is 708366193 composite?
True
Is 445500787 prime?
False
Is 1519391249 a composite number?
False
Is 87397957 composite?
True
Is 18070172633 composite?
False
Is 18028996547 prime?
True
Is 5547841951 prime?
True
Is 2240904503 a composite number?
True
Is 23440076339 a composite number?
True
Is 7976087257 a composite number?
True
Is 461401141 a prime number?
True
Is 5266196701 prime?
True
Is 4192426079 a prime number?
False
Is 3513407979 composite?
True
Is 1354345021 prime?
False
Is 262086823 prime?
True
Is 18553073197 a composite number?
False
Is 59596259 composite?
False
Is 19851296929 prime?
True
Is 593624851 prime?
False
Is 2145116803 a prime number?
True
Is 11009191441 composite?
False
Is 22828636429 a prime number?
True
Is 810924899 a composite number?
False
Is 221660255 a composite number?
True
Is 6310093061 a prime number?
False
Is 124647572273 a prime number?
False
Is 13905315863 a composite number?
True
Is 12025473347 composite?
True
Is 2148678281 a prime number?
True
Is 358914583 composite?
False
Is 144225869 a prime number?
True
Is 9095119279 prime?
False
Is 2565090517 a prime number?
False
Is 72987220697 a composite number?
False
Is 3251148031 a composite number?
True
Is 8500768981 composite?
True
Is 127203322 composite?
True
Is 69894829 a composite number?
False
Is 1200042517 prime?
False
Is 2028914317 composite?
True
Is 99025085137 a prime number?
False
Is 10067865853 a composite number?
False
Is 39044437823 a prime number?
True
Is 1697765191 a composite number?
False
Is 421621069 composite?
True
Is 529146491 a composite number?
False
Is 58400238893 prime?
True
Is 2681935927 a composite number?
True
Is 787263487 composite?
True
Is 46111361327 a composite number?
True
Is 754849189 a prime number?
False
Is 745550277 a composite number?
True
Is 571998829 a prime number?
True
Is 46775631253 a composite number?
True
Is 8805620437 a prime number?
False
Is 1470820963 prime?
False
Is 375639851 a composite number?
True
Is 37093793507 a composite number?
True
Is 199184099 a prime number?
False
Is 877526831 composite?
True
Is 895654349 prime?
False
Is 981805857 composite?
True
Is 474404251 composite?
True
Is 181405541 a prime number?
False
Is 8074858109 composite?
False
Is 38546074769 a prime number?
False
Is 10485504229 composite?
True
Is 109230947647 a prime number?
True
Is 4757275769 a prime number?
False
Is 8672284633 composite?
True
Is 8539537817 a composite number?
True
Is 3779198117 a prime number?
True
Is 73662757 a prime number?
False
Is 189419299 composite?
False
Is 8572495247 a composite number?
False
Is 3746711557 composite?
False
Is 5003295377 a composite number?
False
Is 380739383 composite?
False
Is 4259727679 prime?
True
Is 3943233101 a composite number?
True
Is 126108340607 a composite number?
False
Is 4400521211 a composite number?
False
Is 52585345309 prime?
False
Is 1574800153 a composite number?
False
Is 88608186655 prime?
False
Is 8332084963 a composite number?
False
Is 260510609 a prime number?
True
Is 806046901 prime?
False
Is 55683410581 a composite number?
True
Is 33391584217 a composite number?
False
Is 2718157889 a prime number?
True
Is 407475527 a composite number?
False
Is 4240920361 prime?
True
Is 1492848191 composite?
True
Is 26276936073 a prime number?
False
Is 4793775901 a prime number?
False
Is 1219118783 a composite number?
True
Is 412454953 a prime number?
True
Is 1399424197 prime?
True
Is 12541007351 prime?
False
Is 13062140263 composite?
False
Is 245734831585 composite?
True
Is 1460200619 prime?
True
Is 165806159737 a prime number?
True
Is 148176339643 composite?
False
Is 7555087601 a prime number?
True
Is 36086905627 a composite number?
False
Is 387249169 prime?
True
Is 14892093287 composite?
False
Is 33417362957 prime?
False
Is 14984466173 composite?
True
Is 7390934437 prime?
True
Is 4347473023 a prime number?
False
Is 18987189019 a prime number?
True
Is 5266756457 a composite number?
True
Is 5251139141 composite?
True
Is 2493560711 a composite number?
False
Is 30548364107 a composite number?
False
Is 29745163009 a prime number?
False
Is 717013933 prime?
False
Is 10546132827 a prime number?
False
Is 105150632585 a composite number?
True
Is 182856211 a prime number?
False
Is 1575334507 prime?
False
Is 2047168069 a composite number?
True
Is 857967419 a prime number?
False
Is 10995546101 a composite number?
False
Is 4588517941 composite?
True
Is 110819057593 a composite number?
False
Is 982835327 a composite number?
False
Is 51680952313 a composite number?
False
Is 29926876009 prime?
True
Is 771807017 composite?
False
Is 71340460157 a composite number?
True
Is 248869111 prime?
True
Is 907460041 a prime number?
True
Is 311359753343 prime?
False
Is 121055915623 prime?
False
Is 6054839627 a composite number?
False
Is 29048205521 prime?
False
Is 16824639427 composite?
True
Is 8124849829 a prime number?
False
Is 650559661 composite?
False
Is 229457297 a prime number?
False
Is 5723785369 prime?
False
Is 58106123507 prime?
False
Is 598443163 a prime number?
False
Is 146810994845 a composite number?
True
Is 2565321349 a composite number?
True
Is 1321920617 a prime number?
True
Is 7230205133 composite?
True
Is 2813970473 a prime number?
False
Is 48674772037 prime?
True
Is 73727071079 a composite number?
False
Is 47177389 prime?
False
Is 977778937 a composite number?
False
Is 313253867 composite?
False
Is 770078591 a composite number?
False
Is 3255102809 a prime number?
False
Is 2777654383 composite?
True
Is 2913658519 a composite number?
True
Is 2294726131 composite?
False
Is 1308072235 a prime number?
False
Is 131418613 composite?
False
Is 265258373 composite?
True
Is 1618338659 prime?
False
Is 267786313 composite?
False
Is 1543187449 a prime number?
False
Is 1210365943 a prime number?
False
Is 23288816603 a prime number?
False
Is 225118219 composite?
False
Is 13049338889 prime?
True
Is 11493102043 a composite number?
True
Is 3707684051 prime?
False
Is 34637576453 prime?
False
Is 2849105827 prime?
True
Is 98377597 a prime number?
True
Is 586650361 composite?
True
Is 1677935837 prime?
True
Is 267132409 prime?
False
Is 12289329989 a prime number?
False
Is 15381799 a prime number?
True
Is 958385777 a prime number?
False
Is 1041189235 a prime number?
False
Is 29655416611 a composite number?
False
Is 11577956219 prime?
True
Is 68859589847 composite?
False
Is 1549693907 a prime number?
True
Is 1723946131 a composite number?
True
Is 1521262049 composite?
False
Is 109771993013 a composite number?
False
Is 16476536963 a prime number?
False
Is 446234317 prime?
True
Is 4799589061 a composite number?
True
Is 7644998363 a prime number?
True
Is 10592882011 a prime number?
True
Is 1314432814 prime?
False
Is 14342383361 composite?
False
Is 22967513 prime?
True
Is 4101186923 a composite number?
False
Is 93150571 a prime number?
False
Is 5173346527 a prime number?
False
Is 1018240807 a prime number?
True
Is 76056076003 prime?
True
Is 25020186794 a composite number?
True
Is 50762336497 a composite number?
True
Is 6203698729 composite?
True
Is 230566429 a prime number?
False
Is 25761295761 prime?
False
Is 525480409 composite?
True
Is 159874590718 composite?
True
Is 12233697563 prime?
True
Is 785406941 a composite number?
True
Is 75712807 prime?
False
Is 1770473773 composite?
False
Is 152686949101 a prime number?
True
Is 15711171949 prime?
False
Is 609844899 a prime number?
False
Is 71975863 a composite number?
False
Is 79433476079 prime?
True
Is 10502637983 a composite number?
True
Is 7705638397 composite?
True
Is 47620019 composite?
False
Is 385642835329 composite?
True
Is 66983742521 a composite number?
True
Is 294732154 a composite number?
True
Is 1369192127 composite?
False
Is 1102742939 prime?
False
Is 19784712443 a prime number?
True
Is 2977516609 a composite number?
True
Is 1115235631 a prime number?
False
Is 91715231 prime?
False
Is 46448537033 prime?
True
Is 8355477589 a composite number?
False
Is 9963101531 a composite number?
True
Is 1713469103 a prime number?
True
Is 1796168251 composite?
True
Is 36787977079 